 13. Let z(h) = -13*a(h) - 6*t(h). Calculate z(1).
-10
Let y(k) = 5*k + 7. Let h(g) = 4*g + 6. Suppose 23 = f + 18. Suppose 5*l = 2*r - 0*r - 32, 3*l = -r - 17. Let c(s) = f*y(s) + l*h(s). Give c(7).
6
Suppose s + 4*y + 8 = 0, -1 = -5*s - y - 3. Suppose -4*o - i + 21 = s, -i + 0 - 3 = 0. Let j(z) = -z**2 + 10*z - 6. What is j(o)?
18
Suppose 0 = -4*b - l + 3*l + 54, 0 = -b - 3*l + 3. Let h(f) = 3 - b*f - 14*f + 31*f - f**2. What is h(5)?
3
Suppose -305*u + 303*u = -2. Let j(i) = 4*i**2 + 3*i - 2. What is j(u)?
5
Let y(a) = 2*a**3 + 4 - 12*a**3 + 2*a**3 - a**2 + 7*a**3 + 6*a. What is y(0)?
4
Let p(b) = -11*b**2 + 2*b - 1. Let u(k) = 2*k - 1 - k**2 - 2*k**2 - 2*k**2 - 5*k**2. Let x(v) = 3*p(v) - 2*u(v). Calculate x(1).
-12
Let p(q) = -8 + 2*q - 10*q + 7*q - 8*q + q. Calculate p(-2).
8
Let n(q) be the third derivative of q**6/120 + q**5/10 + q**4/4 + q**3 + 171*q**2. Calculate n(-6).
-30
Let z be (-4 - -13) + (-2)/((-2)/(-3)). Let a(v) = -z*v - 1 - 69*v**2 + 70*v**2 - 1. What is a(7)?
5
Let p(l) = l**3 - 7*l**2 + 1. Let y(q) = 2*q + 14. Let u(g) = 5*g + 29. Let f(x) = -3*u(x) + 7*y(x). Let v be f(4). Determine p(v).
1
Let q(l) = -4*l**3 - 2*l**2 - 5*l + 1. Let f(s) be the first derivative of s**2/2 + 15. Suppose 7*p - 3*p + 20 = 0. Let b(h) = p*f(h) - q(h). Determine b(1).
5
Let c be (-292)/(-20) + 6/(-10). Let z(q) = 8*q + 10*q + c*q - 31*q - 8. Determine z(7).
-1
Let g(p) = -p**3 + p**2 + p - 1. Suppose 2*w = -2*q + 12, -q - 1 = -3*w + 9. Determine g(q).
-3
Suppose 5*t + 62 = -2*g + 40, t = -4*g - 26. Let u(k) = -6*k - 28. Determine u(g).
8
Suppose 5*v - 4*b + b - 6 = 0, -4*v = -2*b - 6. Let g(f) = -f**2 + 3*f - 2. Calculate g(v).
-2
Let g(p) = -p**2 + 4*p + 18. Let v be g(6). Let m(j) = -j**2 + 5*j + 11. Determine m(v).
5
Let x(a) = -a**3 + 7*a**2 + 6*a - 8. Let d(y) = 41*y - 156. Let f be d(4). Determine x(f).
-24
Let b(z) = -2*z. Suppose -5*q - 2 = -j + 12, 3*j - 4*q - 9 = 0. Let u be -2 + (0 - (j + -2)). Calculate b(u).
-2
Let y(l) be the second derivative of -l**4/6 - 11*l**3/6 - 9*l**2/2 + 8*l - 10. Calculate y(-7).
-30
Let s(l) = l**2 + l - 5. Suppose -5*y + 2*y = 2*k - 12, 0 = 2*k - 4*y + 2. Give s(k).
7
Let g(h) = h**3 - 5*h**2 - 4*h - 7. Suppose -4*v + 10 = v, 4*v - 2 = r. Give g(r).
5
Let y(c) = c**2 + 684*c - 2 - 41 - 700*c. Give y(18).
-7
Let d(t) be the first derivative of t**3/3 - 3*t**2/2 - 4*t + 50. Let y(g) = g**2 - 4*g + 3. Let f be y(4). Suppose -f*r - r = -20. Calculate d(r).
6
Let h(v) be the first derivative of v**4/24 + 3*v**3/2 + v**2 + 3. Let u(d) be the second derivative of h(d). Let m = 10 - 10. What is u(m)?
9
Let g(i) = -4*i - 5. Let q(s) = -8*s - 11. Let f(l) = 13*g(l) - 6*q(l). Suppose -5*a + 2*o + 0 - 1 = 0, -8 = 4*a + 2*o. Determine f(a).
5
Let a(l) = 4*l**2 + 7*l + 1. Let q be a(5). Let g(x) = -x + 2*x**2 - 2*x**2 + q*x**3 - 130*x**3. Give g(-1).
-5
Suppose -3*s + u - 1 = -4*s, -5*s - 9 = -2*u. Let w(d) = d**2 + 5*d - 4. Suppose 9 = 2*t - 1. Let c(q) = -6*q + 5. Let f(m) = t*w(m) + 4*c(m). Determine f(s).
4
Let u(r) be the first derivative of -r**3 + 3*r**2/2 - 4*r - 98. What is u(3)?
-22
Let t(b) = -b + 11. Suppose -f = 3 + 7. Let l = -6 - f. Suppose -24 = l*k - 8*k. Give t(k).
5
Let u(t) = 0 + 2*t + 10*t**2 - t**3 + 12 - 18*t**2. Determine u(-8).
-4
Let s(b) be the third derivative of b**5/60 + b**4/24 + 2*b**3/3 + 140*b**2. Determine s(-5).
24
Let z(x) = 2*x + 25. Let o be z(-14). Let j(v) = -v. Let b(y) = -y + 11. Let n(m) = o*j(m) + b(m). Calculate n(-9).
-7
Let t(z) = 5*z**3 + 23*z**2 - z + 39. Let a(v) = v**3 + v**2 + 3*v. Let l(d) = -6*a(d) + t(d). What is l(16)?
-9
Suppose -k + 6 = -0*k. Let m = k + -6. Let v(f) = m - 2*f - 4 + 4 + 7. What is v(5)?
-3
Let t(y) = -y**3 - y**2 - 10. Let k(v) = -2*v**3 + 6*v**3 - 7*v**2 + 10*v**2 - 3*v**3 + 2*v. Let c be k(-2). Calculate t(c).
-10
Suppose 6 = -10*r + 7*r. Let h be (r + 1/1)*1. Let k(q) = 15*q**2. Give k(h).
15
Let u be 3*(-1)/3 + 4. Let t(i) = -5*i + 15. Let n be t(u). Let w(h) = -h**3 - 6. Determine w(n).
-6
Let j = 81 - 89. Let g be 2 + -5 + 2 - j/2. Let t(z) be the first derivative of -z**4/4 + 2*z**3/3 + 5*z**2/2 - 2*z - 1. Determine t(g).
4
Suppose -5 = -4*c + 15. Suppose c = -o - 5*n + 12, 0 = -o + 3*n - 1. Let x(z) = -12*z**o + z**3 + 8*z**2 + z + 3 + 0*z**2 - 2*z. Determine x(3).
-9
Let y(u) be the third derivative of u**5/60 + u**4/4 - 7*u**2. Determine y(-4).
-8
Suppose -2*b - 5*c = -3*b + 28, 15 = -3*c. Suppose 9*j - 5*j = 8. Let z(i) = -6 - 3*i + 4*i**2 + b*i**3 - 2*i**3 - j*i. Determine z(-5).
-6
Suppose 3*w = 4*w. Let z(x) = -6 + w*x - x - x. Let r(l) = -3*l**2 + 14*l. Let j be r(5). What is z(j)?
4
Let q(z) = -8 - 6*z**2 + 69*z - 75*z + 7*z**2. Give q(6).
-8
Let a(t) = -5*t**3 - t**2 - 12*t + 4. Let s(g) = -14*g**3 - 2*g**2 - 34*g + 11. Let d(j) = 17*a(j) - 6*s(j). Give d(-5).
2
Let v(t) be the third derivative of -t**6/120 - 2*t**5/15 - 3*t**4/8 - 19*t**3/6 + 670*t**2. Give v(-7).
-5
Let x(m) = -11*m**2 + 9*m + 15. Let h(y) = 5*y**2 - 5*y - 8. Let c(b) = 13*h(b) + 6*x(b). What is c(-9)?
4
Let w(d) = -d**3 + 6*d**2 - 2*d + 5. Let f(a) = -78*a + 707. Let z be f(9). Determine w(z).
20
Let g(t) = 3*t**2 + 4*t + 3. Let y = -205 - -202. Determine g(y).
18
Let n(f) = -7*f + 40. Let a be n(5). Let m(d) = -d**3 + 5*d**2 + 5*d + 6. Calculate m(a).
31
Let z(a) be the third derivative of -a**6/8 - a**5/60 - a**4/12 - a**3/6 - 47*a**2. Determine z(-1).
15
Let h(m) = 23*m + 38. Suppose 0 = -0*w + w + 5*n + 11, -3*w - 4*n = 44. Let q = 22 + w. Let j(k) = -8*k - 13. Let c(v) = q*h(v) + 17*j(v). Give c(-6).
-5
Let w(t) be the first derivative of t**3/3 + 5*t**2/2 - 5*t - 312. Suppose 0 = -q - 2*q - 18. Give w(q).
1
Let n(y) = 4*y**3 + 11*y**2 + 5*y - 27. Let h(o) = -7*o**3 - 22*o**2 - 11*o + 53. Let z(k) = 3*h(k) + 5*n(k). Give z(-10).
4
Let t = -264 - -268. Let c(m) be the first derivative of -t*m + 6 + 1/2*m**2. What is c(6)?
2
Let j(g) be the first derivative of g**2/2 + 2*g - 77. Give j(3).
5
Let o(r) be the third derivative of r**6/120 + r**5/30 - r**4/6 - r**3 - 62*r**2 - 5. What is o(-2)?
2
Suppose 7*v = 2*v - 45. Let d(a) be the second derivative of -a**5/20 - 5*a**4/6 - 11*a**3/6 - 11*a**2/2 - 72*a. What is d(v)?
7
Let r(q) = q**2 + 3*q + 5. Let z(w) = -2*w**2 + 11*w + 17. Let h be z(7). Calculate r(h).
9
Suppose -2*w + 12 - 18 = 0. Let s = -9 - -12. Let r(c) = 0*c + 3 + c + 2*c**2 + c**3 - c**3 + c**s. Calculate r(w).
-9
Let h(t) be the first derivative of t**4/4 + t**3 + t**2 + t + 5. Let u be ((-126)/(-12))/7*-2. Determine h(u).
-5
Let u(k) = -k**3 + 4*k**2 - 2*k + 10. Let x(q) = -2*q**3 + 8*q**2 - 5*q + 18. Let l(m) = 5*u(m) - 3*x(m). Determine l(4).
16
Let u(l) = -l - 4. Let c be (-5 - -1)*(-6)/(-12). What is u(c)?
-2
Suppose -5*d + 27 = 3*l - l, 4*l + 1 = d. Let h be (l/(-4))/(9/(-36)). Let s(y) = 0*y + h + 2 - 7 - y. Calculate s(-3).
-1
Let n be (3/(-12))/((-2)/40). Suppose 3*a + 4 = 7. Let z = n - a. Let g(v) = v**3 - 5*v**2 + 3*v. Determine g(z).
-4
Let d(u) = -3*u**2 + 45*u - 23. Let z(c) = c**2 - 15*c + 7. Let o(w) = 4*d(w) + 13*z(w). What is o(14)?
-15
Suppose 10*q + 11 = -9. Let m = q - -11. Let t(a) = -a**2 + 10*a - 12. Calculate t(m).
-3
Let h(a) = 2*a + 27. Let b be h(-12). Let m(j) be the third derivative of -j**5/60 + j**4/8 - 2*j**3/3 - 12*j**2. Calculate m(b).
-4
Let n = 1 - 4. Let q(w) = -2*w**2 - 419 - 416 - 3*w + 1255 - 416. What is q(n)?
-5
Suppose -2*s - 6 = -5*s. Let v(h) = -2*h**s + 32 - 34 + h**3 + 6*h**2. Let l = -45 - -43. Give v(l).
6
Let k(h) be the third derivative of -h**4/24 + h**3/6 - 72*h**2. Let s(a) = -a. Let c be s(0). What is k(c)?
1
Let j(a) = -347*a**2 + 8*a - 3. Let u(m) = -217*m**2 + 5*m - 2. Let g(l) = 5*j(l) - 8*u(l). Suppose 0*w = 5*w, -2*w - 12 = 3*y. Determine g(y).
17
Suppose -3*l - 5*c = -5*l, -3*l = c. Suppose l = 2*f - 8 + 4. Let s(t) = -t + 3*t + 2*t**2 + 0*t**2 - 4*t**f. What is s(2)?
-4
Let z(d) = 15*d. Let a(s) = -s**2 - 1. Let v(w) = 2*w**2 - 10*w - 5. Let k(p) = -3*a(p) - v(p). Let n be k(-9). What is z(n)?
-15
Let j(f) = f**2 + f - 6. Let i(g) = 5*g**2 + 6*g + 32. Let k(s) = 2*s**2 + 2*s + 11. Let t(c) = -3*i(c) + 8*k(c). Let x be t(-2). Give j(x).
-6
Let b(k) = -89*k**2 + 229 + 86*k**2 + 3*k**3 - 4*k**3 + 2*k - 234. Give b(-5).
35
Let x(r) be the third derivative of -20*r + 1/3*r**